of f?
2, 43
Let q(z) = -z**2 - z. Let l be q(-1). Suppose l*c = -6*c + 18. Suppose 0 = b - 4, -2*a - c*b + b = -26. What are the prime factors of a?
3
Let b be 12/(-18)*(-6)/2. Suppose -5*g - 8*g + 52 = 0. Suppose 24 = b*j - g*w - 34, -w = -2. What are the prime factors of j?
3, 11
Suppose -9*q - 65 = 16. Let j be (-24)/q*9/3. Suppose -6*d - 44 = -j*d. List the prime factors of d.
2, 11
Let n be (-221)/(((-8)/(-2))/8). Let z = 833 + n. List the prime factors of z.
17, 23
Suppose -2*f + 2 + 8 = 0. Suppose -20 = f*s, -3*s - 76 = -3*j + s. Suppose -4*t + 0*t = -j, 5*n - 3*t = 355. List the prime factors of n.
2, 37
Let t(h) = -21*h**2 + 10. Let c be t(4). Let z = 493 + c. What are the prime factors of z?
167
Let g(n) be the second derivative of -n**5/20 + 2*n**4/3 - 5*n**3/6 - 16*n**2 - 16*n. Let l be g(8). Let w = l + 205. List the prime factors of w.
7, 19
Let k(o) = -o + 2*o - 23*o**2 - 6 - 5*o. Let l be k(3). Let t = l + 351. List the prime factors of t.
2, 3, 7
Let s(l) = 5*l**2 + 11*l + 5. Let p be s(7). Suppose 0 = -4*w - p + 903. Suppose -39 + w = 3*u. What are the prime factors of u?
5, 7
Let d be ((-1000)/60)/((-8)/(-12)). What are the prime factors of 19086/30 + 2 + (-20)/d?
3, 71
Let i = 25 + -27. Let b be (0/i - 0)/(10 - 8). Let o(f) = -f**2 + 2*f + 101. What are the prime factors of o(b)?
101
Let a = 832 - 231. Let x = a + -356. List the prime factors of x.
5, 7
Suppose 3*v = -9, -4*v - 72 = p - 62. Let h = 61 - 21. Suppose -4*i + 188 = 4*j, -48 = -p*i - 4*j + h. List the prime factors of i.
2, 5
Let j be ((-1)/(-2))/(37/26566). Let k be ((-8)/(-6) - 1)*(j - -13). Let z = k - 41. What are the prime factors of z?
83
Suppose 390150 = 56*v - 23*v - 526029. List the prime factors of v.
27763
Let q be 100/(-120)*24/4. Let p = 1296 + q. What are the prime factors of p?
1291
Let j = -1030 + 2432. Let y = j - 948. What are the prime factors of y?
2, 227
Let i be 3/(-1)*312/36. List the prime factors of 3430/4 + 1 - (-13)/i.
2, 3, 11, 13
Suppose -42*u - 28450 = -67*u - 0*u. List the prime factors of u.
2, 569
Let i(w) = 24*w**2 - 111*w + 83. List the prime factors of i(6).
281
Let i(q) = -5929*q - 5590. List the prime factors of i(-8).
2, 20921
Let s = 349 + 7162. List the prime factors of s.
7, 29, 37
Let h(k) = 5 - 49 + 9 - 948*k + 19. List the prime factors of h(-1).
2, 233
Let h be ((-425)/34)/(-1 + 11/12). Suppose 0*i = 3*i - h. Suppose -52*v + 26 = -i*v. What are the prime factors of v?
13
Let t = 61 + -46. Let u(g) = 32*g + 40. Let a be u(t). Suppose -5*c + 1360 = a. What are the prime factors of c?
2, 3, 7
Let n(m) = 14*m + m + 4*m. Let f be n(4). Let c = f + -43. What are the prime factors of c?
3, 11
Let y(q) = -q**3 + 4*q**2 + 33*q - 8. Let a be y(8). Suppose a*f + n - 595 = -5*f, 5*f - 3*n = 615. List the prime factors of f.
2, 3, 5
Suppose -3*o - 2*a = -2320, 3*o + 9*a = 4*a + 2335. Let m = o + -509. List the prime factors of m.
3, 29
Let m be 3/4 - (4 + (-26523)/28). Let z = -466 + m. What are the prime factors of z?
2, 239
Let c = 2828 + -2613. List the prime factors of c.
5, 43
Let l be (0/((-12)/(-3)))/(-2) + 482. Suppose 2*b = 4*b - l. Suppose b - 74 = w. List the prime factors of w.
167
Suppose 9*o = 40*o - 254851. List the prime factors of o.
8221
Suppose 0 = -166*u + 91*u - 93*u + 13147176. List the prime factors of u.
139, 563
Suppose -2*j + 72844 = 4*a, 0 = -4*a - 3*j - 40704 + 113548. List the prime factors of a.
18211
Let v(l) = -166*l + 118. Let a(w) = w**3 + 2*w**2 - 22*w - 58. Let x be a(-4). What are the prime factors of v(x)?
2, 3, 5
Let r(f) = 49*f - 4. Let l = -24 - -24. Suppose l = 59*j - 62*j + 9. What are the prime factors of r(j)?
11, 13
Suppose 2*h = -488 + 1560. Suppose 49*d - 18764 = -h. List the prime factors of d.
2, 3, 31
Let o be 32/(-4)*(3 - (15 + -6)). List the prime factors of (o/72)/(2/1623).
541
Let t be ((-13)/(78/12))/(-1). Suppose -t*b + 2*m + 1328 = 0, 5*b - 14*m = -10*m + 3318. List the prime factors of b.
2, 331
Let d be -7*(-160)/(-30)*6/(-4). What are the prime factors of ((-16)/d - 284/(-14))*25?
2, 5
Let n be 2 - (-4 - (-8)/2). Suppose 0 = -4*f + y, 2*y = n*f - 7*f + 13. List the prime factors of (f + 0)/(5/(-3450)*-5).
2, 3, 23
Let h be 81/3 + (0 - 5). Suppose 2581 = h*m - 3733. List the prime factors of m.
7, 41
Suppose 2*o + s - 4*s = 39, -4*o = 2*s - 70. Let f(l) = 65*l**2 + 9 - 4 - o*l - 64*l**2. What are the prime factors of f(19)?
2, 3
What are the prime factors of (2817/(-2))/(6515/(-260) + 25)?
2, 3, 13, 313
Suppose -81 = m - 33. Let d = m + 56. Suppose 11*n - d*n = 315. What are the prime factors of n?
3, 5, 7
Let z(a) = 2*a**2 - 16*a - 54. Let i be z(-10). Let o = i - 269. What are the prime factors of o?
37
Let c = 3495 + 950. List the prime factors of c.
5, 7, 127
Let a(i) = -i**2 - 11*i + 2. Let y be a(-11). Let g be (39/(-52))/((-6)/16). Suppose 4*o - b = -3*b + 124, y*o - 56 = g*b. What are the prime factors of o?
2, 3, 5
Let g(j) = -271*j - 51. Suppose 32 = -5*l + 17. List the prime factors of g(l).
2, 3, 127
Suppose 410 = -100*h + 104*h - p, -92 = -h - 5*p. Let c be (-2)/(-3)*(2 - -1). Suppose -2*a = 4*k - 160, c*k - h = 3*a - 374. List the prime factors of a.
2, 11
Let k(n) = 64*n - 37. Let z be k(-6). Let a = -299 - z. List the prime factors of a.
2, 61
Let h be ((-2 - 2) + -1)*-20. Suppose 5*s = h + 235. Suppose 5*p - 346 = 4*k - 0*k, -3*k = -p + s. What are the prime factors of p?
2, 5, 7
Let d be (-18)/(-3 + (-1442)/(-483)). Suppose 3*u - 2*q - 3691 = 3*q, -u + 4*q + d = 0. List the prime factors of u.
2, 13, 47
Suppose 0*o = -5*o + 245. Let g = 8 - o. Let f = 156 + g. What are the prime factors of f?
5, 23
Let k(j) = 67*j**2 + 340*j - 25. List the prime factors of k(28).
13, 367
Let k(l) = 1331*l - 1844. List the prime factors of k(7).
3, 47, 53
Let o(q) = 273*q**3 - 2*q**2 + q + 2. Let r be o(1). Suppose j - r = 204. What are the prime factors of j?
2, 239
Let m = -63747 + 145598. What are the prime factors of m?
7, 11, 1063
Suppose -5*g = 18*g - 8648. Let h = -199 + g. What are the prime factors of h?
3, 59
Let f(o) = o**3 + o**2 - 15*o - 3. Let t be f(-4). Suppose -406 = -t*y + 7*y. List the prime factors of y.
7, 29
Suppose -3*o + 90 = -5*w - 5*o, w = -o - 18. List the prime factors of 2*(-682)/w + 22/99.
2, 19
Suppose -3*u + 6*u + 4*i = 4, -2*u - 3*i + 3 = 0. What are the prime factors of 3/1 + 703 + u/(-16)?
2, 353
Let g be (-11 - -2)*(-19)/(171/42). List the prime factors of (2/7 + 2/g)*846.
2, 3, 47
Let d be 6/4 + (-39)/(-6) + 5. Suppose -15443 = -d*a - 2001. List the prime factors of a.
2, 11, 47
Let d(k) = -k**3 - 3*k**2 - 5*k - 7. Suppose -6*n - 15 = -n. Let y be d(n). What are the prime factors of (y - -1)/((66/16)/11)?
2, 3
Let d(v) = -46*v**2 + 44*v + 163. Let q be d(-4). Let w = 1013 + q. List the prime factors of w.
2, 3, 11
Let o(k) = 4*k**3 + k**2 + 19*k + 1. Let p(l) = l**3 - l**2 + l. Let s(j) = o(j) - 5*p(j). Let h be s(7). What are the prime factors of (-344)/(-5) - (-10)/h?
3, 23
Let w(a) = 126*a**2 - 2*a + 2. Let o = -2 - 10. Let f = 13 + o. List the prime factors of w(f).
2, 3, 7
Let o = -79424 + 114155. What are the prime factors of o?
3, 17, 227
Let y = 460 + -467. What are the prime factors of -7 - (1525 - y)/(-4)?
2, 47
Let j be (1*(-20)/5)/(2/(-2)). Suppose 3*i = 5*g - 2036, j*g - 15*i - 1639 = -16*i. What are the prime factors of g?
409
Let a = 127 - 75. Let u = a - 41. Suppose u*s - 8*s = 81. What are the prime factors of s?
3
What are the prime factors of 43/((-258)/(-72)) - -719?
17, 43
Let r be 26/5*25/(-10). Let x = -8 - r. Suppose -34 = -0*m - 2*m + 4*z, -x*m + 85 = 5*z. What are the prime factors of m?
17
Let r = -54 + 159. What are the prime factors of 6/9 - (-7)/(r/6170)?
2, 103
Suppose -2*f + 0*f = -376. Let h(p) = p**2 + 19*p - 179. Let i be h(-26). Suppose 175 + f = i*c. List the prime factors of c.
11
Suppose 2*q = -8, j - 2*q - 7399 + 1624 = 0. What are the prime factors of j?
73, 79
What are the prime factors of (-3 - -41870)*69/161?
3, 5981
Suppose 4*i - 129 = 119. Suppose -a + 3*a = 4. Suppose 4*z - 5*m = 214, 0 = -z - m - a*m + i. List the prime factors of z.
2, 7
Let g = 12350 + -7880. What are the prime factors of g?
2, 3, 5, 149
Suppose m + 1988 = -6*m. Let h = 10 - m. What are the prime factors of h?
2, 